{"id":48,"date":"2024-02-18T17:36:41","date_gmt":"2024-02-18T17:36:41","guid":{"rendered":"https:\/\/munipatzicia.gob.gt\/main\/?page_id=48"},"modified":"2025-11-11T17:17:07","modified_gmt":"2025-11-11T17:17:07","slug":"inicio","status":"publish","type":"page","link":"https:\/\/munipatzicia.gob.gt\/main\/","title":{"rendered":"Inicio"},"content":{"rendered":"\n\n\n\n\n<h2>Acerca de Nosotros<\/h2>\n\n\n\n\n\n\n\n<h2>Visi\u00f3n<\/h2>\n\n\n\n\n\n<p class=\"has-text-align-left\">\u00abSer una municipalidad reconocida por su excelencia en la prestaci\u00f3n de servicios p\u00fablicos eficientes, para promover el desarrollo integral y el bienestar de la poblaci\u00f3n, posicionando al municipio como seguro y saludable a trav\u00e9s de los proyectos de desarrollo urbano-rural, ambiental y cultural, buscando brindar una mejor calidad de vida a los vecinos\u00bb<\/p>\n\n\n\n<h2>MISI\u00d3N<\/h2>\n\n\n\n\u00abSomos un gobierno municipal responsable que brinda servicios p\u00fablicos de calidad y con transparencia para el beneficio de los vecinos del municipio de Patzic\u00eda, fomentando un entorno seguro prospero y sostenible a trav\u00e9s de una gesti\u00f3n administrativa eficaz y eficiente\u00bb\n\n\n\n\n\n<figure class=\"wp-block-image size-large\"><img loading=\"lazy\" decoding=\"async\" width=\"1024\" height=\"576\" src=\"https:\/\/munipatzicia.gob.gt\/main\/wp-content\/uploads\/2024\/02\/ActadePatzicia-1024x576.jpg\" alt=\"\" class=\"wp-image-81\" srcset=\"https:\/\/munipatzicia.gob.gt\/main\/wp-content\/uploads\/2024\/02\/ActadePatzicia-1024x576.jpg 1024w, https:\/\/munipatzicia.gob.gt\/main\/wp-content\/uploads\/2024\/02\/ActadePatzicia-300x169.jpg 300w, https:\/\/munipatzicia.gob.gt\/main\/wp-content\/uploads\/2024\/02\/ActadePatzicia-768x432.jpg 768w, https:\/\/munipatzicia.gob.gt\/main\/wp-content\/uploads\/2024\/02\/ActadePatzicia-1536x864.jpg 1536w, https:\/\/munipatzicia.gob.gt\/main\/wp-content\/uploads\/2024\/02\/ActadePatzicia.jpg 1920w\" sizes=\"auto, (max-width: 1024px) 100vw, 1024px\" \/><\/figure>\n\n\n\n\n\n\n\n<p><\/p>\n","protected":false},"excerpt":{"rendered":"","protected":false},"author":3,"featured_media":0,"parent":0,"menu_order":0,"comment_status":"closed","ping_status":"closed","template":"","meta":{"pagelayer_contact_templates":[],"_pagelayer_content":"","footnotes":""},"class_list":["post-48","page","type-page","status-publish","hentry"],"_links":{"self":[{"href":"https:\/\/munipatzicia.gob.gt\/main\/wp-json\/wp\/v2\/pages\/48","targetHints":{"allow":["GET"]}}],"collection":[{"href":"https:\/\/munipatzicia.gob.gt\/main\/wp-json\/wp\/v2\/pages"}],"about":[{"href":"https:\/\/munipatzicia.gob.gt\/main\/wp-json\/wp\/v2\/types\/page"}],"author":[{"embeddable":true,"href":"https:\/\/munipatzicia.gob.gt\/main\/wp-json\/wp\/v2\/users\/3"}],"replies":[{"embeddable":true,"href":"https:\/\/munipatzicia.gob.gt\/main\/wp-json\/wp\/v2\/comments?post=48"}],"version-history":[{"count":29,"href":"https:\/\/munipatzicia.gob.gt\/main\/wp-json\/wp\/v2\/pages\/48\/revisions"}],"predecessor-version":[{"id":1035,"href":"https:\/\/munipatzicia.gob.gt\/main\/wp-json\/wp\/v2\/pages\/48\/revisions\/1035"}],"wp:attachment":[{"href":"https:\/\/munipatzicia.gob.gt\/main\/wp-json\/wp\/v2\/media?parent=48"}],"curies":[{"name":"wp","href":"https:\/\/api.w.org\/{rel}","templated":true}]}}